-2*l = -l - p - 59, p = -3*l + 185. Calculate the remainder when l is divided by q.
15
Let j = -5 - -7. Let w = -2055 - -2069. Calculate the remainder when ((-4)/(-3))/(j/78) is divided by w.
10
Suppose -29*u = -1338 - 26 - 724. Calculate the remainder when 424 is divided by u.
64
Let s(a) = 113*a**2 + 205*a + 11. What is the remainder when 8690 is divided by s(-2)?
51
Suppose -56*r = -37*r - 190. Calculate the remainder when 6/r - 254/(-10) is divided by 21.
5
Let y be -1 + 369*2/6. Let v = 217 - y. Calculate the remainder when v is divided by 32.
31
Let c = -24532 + 24618. Calculate the remainder when 416 is divided by c.
72
Let b = 351 + 252. Suppose 0 = -7*g + b + 1742. Calculate the remainder when g is divided by 85.
80
Let z(d) be the first derivative of 5*d**3 - 4*d**2 + 14*d - 6. What is the remainder when z(4) is divided by 45?
42
Suppose 37*z = 38*z. Suppose m = -z + 5. Suppose -m*a = 19 - 54. Calculate the remainder when a is divided by 6.
1
Suppose 26*v - 101*v + 3017 = -2608. Calculate the remainder when 163 is divided by v.
13
Suppose 2*k + 4*u = -6, u = 2*u + 5. What is the remainder when (826/35)/(20/50) is divided by k?
3
Let v = 13658 + -11755. Calculate the remainder when v is divided by 119.
118
Let o(y) = 5*y - 3. What is the remainder when 4 + (-286)/77 - 178/(-14) is divided by o(3)?
1
Let v(o) = 11*o**2 + 490*o - 39. What is the remainder when v(-47) is divided by 59?
50
Let w(s) = -s + 113. Suppose 3*n + l = -45, 0 = -n + 4*l - l - 25. What is the remainder when w(n) is divided by 11?
8
Let u = -75 - -93. Calculate the remainder when 2*107/(-10)*(-45)/9 is divided by u.
17
Suppose 0 = -4*q + 4, -8 = -5*x - 4*q + q. Let z = 18 + x. Let a(t) = -t**2 + t + 33. Calculate the remainder when a(0) is divided by z.
14
Let w = 611 + -481. Calculate the remainder when w is divided by 60.
10
Let c = -21651 - -22873. Calculate the remainder when c is divided by 51.
49
Calculate the remainder when 1484 is divided by 135 + (2 - -5 - 7)/(-7).
134
Let r(d) = 95*d - 272. What is the remainder when 232 is divided by r(3)?
11
Suppose 3*b = -112 + 373. Let o = 147 + -134. What is the remainder when b is divided by o?
9
Suppose 66*p = -123 + 5931. What is the remainder when 321 is divided by p?
57
Suppose 0 = -4*s - 114*u + 115*u + 289, 216 = 3*s - u. Calculate the remainder when 358 is divided by s.
66
Let h be ((-9)/2)/3*-3134. Let p = h - 2626. What is the remainder when 4*-1 + (p/5)/5 is divided by 28?
23
Let c(f) = -36*f - 791. What is the remainder when c(-23) is divided by 10?
7
Let w be (-1)/(-4) + 28/16. Suppose -81 = -w*a - r, -2*a + 18 = -4*r - 68. What is the remainder when 76 is divided by a?
35
Suppose 201*d - 161*d = 280 + 360. What is the remainder when 17535 is divided by d?
15
Let l be -1 - (-473 + -5) - -6. Let u = 559 - l. What is the remainder when 227 is divided by u?
75
Let l = 69 - 67. Suppose -3*x - 6 = 5*f + 10, -l*x - f = -1. What is the remainder when 89 is divided by (21/3 - x) + 6?
9
Let o(z) = -z + 31. Let x = -29 - -33. Let p be (6/(-5))/(x/20). Calculate the remainder when o(p) is divided by 8.
5
Suppose 5*v = -8*b + 12*b + 40, -3*b = 3*v + 3. Suppose k - 150 = -2*q, -v*k = -4*q - q - 626. What is the remainder when k is divided by 45?
19
Let l = -69 - -281. Let g = l - 177. Calculate the remainder when 138 is divided by g.
33
Suppose 2*b - y + 2*y + 23 = 0, -3*y = -2*b - 27. Let r be (-8120)/238 - (1 + (-57)/51). Calculate the remainder when 2*3/b*r is divided by 10.
7
Suppose -4*v - 3*t + 115 = 0, 295*t - 123 = -3*v + 298*t. Calculate the remainder when 2263 is divided by v.
19
Let q(m) = -2*m**3 + 12*m**2 - 9*m - 1. Let u be q(5). Suppose -u*d + 0*h + h + 53 = 0, 0 = 5*d + 4*h - 82. What is the remainder when 40 is divided by d?
12
Calculate the remainder when 18*14/84 + 45 is divided by (240/70)/(2/7).
0
Let u = 21 + -19. Suppose l = -u*l - 6. Calculate the remainder when 33 is divided by ((-1 - 26) + 3)/l.
9
Let a be 4/14 - (-1776)/56. Let h be ((-1)/(-2))/(a/(-128)). Let s(p) = -p**3 + 5*p**2 + 5*p + 1. Calculate the remainder when 34 is divided by s(h).
15
Let z(v) = 3*v**2 + 139*v + 1087. What is the remainder when z(-8) is divided by 38?
15
Let r(m) be the second derivative of m**5/20 + 4*m**4/3 + 4*m**3 + 25*m**2/2 + 201*m. Calculate the remainder when r(-14) is divided by 4.
1
Suppose 64*j - 24493 = 10515. What is the remainder when j is divided by 514?
33
Suppose 51*n + 12 = 49*n. Let w(d) = -19*d**2 - 116*d - 1. Calculate the remainder when 12 is divided by w(n).
1
Suppose 224*i = 240*i - 3712. Calculate the remainder when 701 is divided by i.
5
Suppose -68*k + 630 = -63*k. Suppose -126 = k*x - 127*x. What is the remainder when x is divided by 36?
18
Let t be ((-40)/15)/(2/(-3)). Let q = 301 - 290. Let h = q + t. Calculate the remainder when 37 is divided by h.
7
Let k(o) = 4*o**2 - 25*o + 11. Calculate the remainder when 1917 is divided by k(7).
29
Suppose -5*c + 0 = w - 73, -5*w - c = -341. Let f(t) = -t**3 - 10*t**2 + 9*t - 8. What is the remainder when w is divided by f(-11)?
12
Let v be (-57)/(-2 + 5) + 0 + 2. Let s(u) = -9*u - 137. What is the remainder when s(v) is divided by 11?
5
Suppose 0 = 162*d - 204*d + 208236. Calculate the remainder when d is divided by 155.
153
Let y(l) = -137*l + 1513. Calculate the remainder when 13 is divided by y(11).
1
Let i = -2 - -8. Let p = 116 - i. Suppose 144*v + 384 + 285 - 1562 - 1843 = 0. Calculate the remainder when p is divided by v.
15
Let k(g) = 6*g - 34. Let t be k(23). Suppose 0 = -2*y + 5*w + t, -3*y + 6*w - 3*w = -165. What is the remainder when y is divided by (27/(-36))/((-1)/40)?
27
Let d(b) = 23*b**2 - 57*b - 517. What is the remainder when d(-10) is divided by 22?
21
Let j = 1426 + -984. What is the remainder when j is divided by 112?
106
Let i be (-4 - -4) + 3/(-1) + 539. Let h = -464 + i. Calculate the remainder when 935 is divided by h.
71
Let z(s) = -1421*s + 13206. Calculate the remainder when z(9) is divided by 184.
49
Let p(o) = -1813*o - 268. What is the remainder when p(-1) is divided by 18?
15
Let v(s) be the third derivative of -s**4/24 - 4*s**3/3 + 7*s**2. What is the remainder when 27 is divided by v(-14)?
3
Let p = -23072 + 26421. What is the remainder when p is divided by 10?
9
Suppose -7*l + 176 = -20. Let a be (4/8)/((-2)/(-12)). What is the remainder when l is divided by 17 + -2 + (a - 3)?
13
Suppose -14 = -4*b + 10. Let t(c) = c**3 - 2*c**2 - 14*c + 37. What is the remainder when t(b) is divided by 11?
9
Let g(o) = 2*o**3 - 21*o**2 - 21*o + 387. Calculate the remainder when g(20) is divided by 43.
42
Suppose 5*f - 3*a - 959 = 0, 0 = -5*f + 2*a + 203 + 753. Let x = -162 + f. What is the remainder when x is divided by 10?
8
Let w = -666 - -677. What is the remainder when 126 is divided by w?
5
Let t = 18642 + -18500. What is the remainder when t is divided by 36?
34
Suppose -4*v - 2*h + 422 = -6*v, 0 = -5*v + 3*h - 1045. Let a be 2/((-210)/v + 0 + -1). Let i = -31 + a. Calculate the remainder when i is divided by 37.
35
Let n be -6 - (0 - (26 - 2)). Suppose -2*v + 5*x = -v + 4, 3*v - 5*x = n. Calculate the remainder when 228 is divided by v.
8
Let h(k) = 4*k**3 - 5*k**2 + 4*k + 13. Calculate the remainder when h(7) is divided by 387.
7
What is the remainder when 4/(-50) - (-96520)/250 is divided by 8?
2
Suppose 72*p - 3450 = -78*p. Calculate the remainder when 266 is divided by p.
13
Suppose -210 = 9*f - 14*f - k, 0 = 4*f + 4*k - 184. Calculate the remainder when 2126 is divided by f.
35
Let c(m) = m**3 - 4*m**2 - 30*m + 14. What is the remainder when 1679 is divided by c(8)?
29
Suppose -24*j + 26*j - 4 = 0. Suppose -j*m = 5*t + 3 - 727, 148 = t + 2*m. What is the remainder when t is divided by 37?
33
Suppose 14*w + 1432 = 4400. Calculate the remainder when w is divided by 36*(19/(19/(-6)))/(-4).
50
Let k = 284 + -283. Let m(f) = 31*f**3 - 14*f + 13. What is the remainder when 119 is divided by m(k)?
29
Suppose 4*p = -0 + 20, 0 = q - 2*p - 1747. What is the remainder when q is divided by 226?
175
Let u(m) = 8*m**2 + 8*m + 26. Calculate the remainder when u(-4) is divided by ((-7)/4 - -2) + 1353/44.
29
Suppose 6*b + 2 + 34 = 0. Calculate the remainder when 196 is divided by 185/30 + b - (-478)/12.
36
Suppose 0 = -h 